14*z. Determine q(v).
0
Let i be 4/((2 - 1) + -3). Let b(o) = o**3 + 4*o + 2*o**2 - 1 + 0 + 4. Calculate b(i).
-5
Suppose 3*h = -2*h - 4*p + 18, h - 9 = p. Let w(u) = -h*u + 3*u + 5 + 2*u. Calculate w(-5).
10
Let p(g) be the first derivative of g**3/3 + g**2/2 - 2*g - 16. Calculate p(0).
-2
Let p = 148 - 146. Let h(g) = 10*g + 1. Give h(p).
21
Let d(p) be the first derivative of p**2/2 + 3*p + 24. Let k(r) = -4*r. Let o be k(1). Give d(o).
-1
Let f(u) be the second derivative of u**4/12 - 4*u**3/3 + 2*u**2 - 7*u. What is f(6)?
-8
Suppose 5*z - 1 = -16. Let y be (-6)/(-4) + z/(-2). Let q(n) = y - 3 - n - 3. What is q(5)?
-8
Suppose -q + 6 = 2*q. Let n = q + -1. Let k(l) = -2*l + l - 4*l. Calculate k(n).
-5
Let o(q) = 2*q**2 - 2*q + 1. Let k = -16 - -9. Let z(n) = -4*n - 6. Let y be z(k). Suppose y = i - 5*u, -6*u = -i - 3*u + 14. Determine o(i).
5
Let q(f) = -f**2 - 7*f + 8. Let u be q(-6). Suppose -4 - u = -3*c. Let o(v) = -v - 2*v - v**3 + 6*v**2 - c + 2. Give o(5).
6
Let t(v) = -3*v**2 + 4*v**2 - 4*v + 3 - 11. What is t(6)?
4
Let s be (4 - 4)/(-1 + 0). Suppose i - 4*i - 3 = s. Let l(j) = 5*j**2 + j. Determine l(i).
4
Let c be 1 + 1 + (-48)/16. Let r(p) = -3*p - 2*p + 1 - 5*p**2 + 7*p. What is r(c)?
-6
Let a = 3 - 2. Let b(s) = s**3 + 9*s**2 - 4*s + 7. Let g(k) = k**3 + 4*k**2 - 2*k + 3. Let v(n) = -2*b(n) + 5*g(n). Give v(a).
4
Let w(i) = i**2 - 5*i. Let f be w(5). Let a(z) = -1 + 7 - 3 + z**3 + f*z + z**2 - 2*z. Determine a(2).
11
Let s(f) be the first derivative of -8 - f - 2*f**3 + 1/4*f**4 + 3*f**2. What is s(4)?
-9
Let k(z) = -4*z - 3 + 4*z + z - 4. What is k(-7)?
-14
Let a(v) = v**3 + 4*v**2 - 4*v + 2. Let u be a(-5). Let c be (1*(-1 - -1))/u. Let y(o) = -1 + c*o**2 + 0 + o**2 - 4*o + 2. What is y(3)?
-2
Let z(x) = -2. Let q(u) = 7*u + 6. Let c(y) = 6*y + 5. Let d(j) = -6*c(j) + 5*q(j). Let w(m) = -d(m) - z(m). Calculate w(5).
7
Let v(c) be the third derivative of c**4/24 - 2*c**2. Let l = 6 - 10. Give v(l).
-4
Let g(y) be the second derivative of 11*y**4/12 + y**3/3 - 3*y**2/2 - y. Let l(u) = 10*u**2 + u - 2. Let x(z) = 3*g(z) - 4*l(z). Determine x(1).
-6
Let f(j) = -10*j**2 - j + 1. Let t(x) = 5*x**2 + 7*x + 1. Let i(d) = d**2 - 1. Let c(z) = 6*i(z) - t(z). Let o be c(8). What is f(o)?
-10
Let h(x) = -23*x - 9. Let o(d) = 12*d + 5. Let v(f) = -3*h(f) - 5*o(f). Give v(-2).
-16
Let b(g) = g**2 - 2*g + 3. Let p be 1/(-4*(-1)/20). Suppose -8 = -f - p. Calculate b(f).
6
Let v(k) = 4*k - 5*k + 1 - 5*k - 5*k. Give v(1).
-10
Let p(k) = 3*k - 2. Let i(r) = r - 10. Let c be ((-6)/9)/((-2)/21). Let w be i(c). What is p(w)?
-11
Let m(j) be the third derivative of -j**6/360 + j**4/24 + 5*j**2. Let d(i) be the second derivative of m(i). What is d(-2)?
4
Let w be (-2)/((-4)/(-6)*-1). Let o(j) = 4 + 14*j + 13*j - 6 - 24*j. Determine o(w).
7
Let s(l) = 3*l**2 - 7*l - 7. Let t(n) = 7*n**2 - 14*n - 15. Let g(a) = 5*s(a) - 2*t(a). Give g(8).
3
Let h(c) = 2*c**2 - c - 10. Let q(i) = i**2 - 5. Let k(y) = 2*h(y) - 5*q(y). Determine k(4).
-19
Let j(m) = m**2 - 1. Let u(a) be the second derivative of a**5/20 - 3*a**4/4 + a**2/2 + 4*a. Let z(g) = -5*j(g) - u(g). Let w = 1 + 3. Determine z(w).
4
Let m(s) be the first derivative of 3*s**4/4 + 2*s**3/3 + 3*s**2 + 3*s + 3. Let h(i) = -2*i**3 - 2*i**2 - 5*i - 3. Let n(y) = -4*h(y) - 3*m(y). Determine n(3).
0
Let h(r) = 82*r - 41*r + 13 - 43*r. Determine h(11).
-9
Suppose 11 = 2*p - 5*l, 6 = p - 4*l - 1. Let y(z) = -z**2 + 0*z**3 - 4*z**2 + z**p + 1. Give y(5).
1
Let g(f) = -3*f + 4*f + 6 + 3. Determine g(-4).
5
Let u be (-4)/10 - (-4)/10. Let r(v) be the third derivative of 0*v + 1/3*v**3 + u + 1/6*v**4 - v**2 + 1/60*v**5. Calculate r(-3).
-1
Let o(g) = -5*g**3 + 8*g**2 + 6*g + 9. Let u(r) = 14*r**3 - 23*r**2 - 17*r - 26. Let q(f) = 11*o(f) + 4*u(f). Give q(5).
10
Let s(u) = -5*u - 3. Let p(a) = -2*a - 1. Let q(r) = 11*p(r) - 4*s(r). Calculate q(-2).
5
Let d(z) = -z**3 + 6*z**2 - 5*z - 5. Let s(k) = 7. Let c(m) = -m + 14 + 15 + 0. Let o(t) = 2*c(t) - 9*s(t). Let v be o(-5). Determine d(v).
-5
Let u(o) = -o**2 - 4*o + 7. Let j be u(-6). Let v(s) = s**2 + 2*s - 2. Give v(j).
13
Let f(q) = 4*q**2 + 2*q + 4. Let p be f(-1). Let y(j) = -j**3 + 6*j**2 + j - 5. What is y(p)?
1
Let k(r) = 2*r**2 - 4*r + 1. Let z = -68 + 71. What is k(z)?
7
Let m = 2 - 0. Let v = m + 0. Let w(c) = -2*c + 9. Let b(g) = -1. Let p(q) = -18*b(q) - 2*w(q). Calculate p(v).
8
Let v(k) = k**2 - 13*k + 4. Let w be v(13). Let z(q) be the first derivative of q**2/2 - 2*q - 2. Give z(w).
2
Suppose -3 = o - 3*c - 2*c, 0 = -5*o - 3*c + 13. Let k(l) = -5*l**3 - 6*l**2 + o*l**3 + 2*l**3 - 7*l + 0*l**3. Give k(-5).
10
Suppose -5*k - 25 = -10. Let b(o) = o**2 - 1. Let q(h) = 4*h**2 + 3*h - 5. Let v(z) = -1. Let c(a) = q(a) + 2*v(a). Let p(n) = 3*b(n) - c(n). Give p(k).
4
Suppose -6*z + 0 = -18. Let l(r) = -r**3 + 3*r**2 - 4*r + 4. Give l(z).
-8
Let l(j) = j**2 + 5. Let v = -2 - -7. Suppose 0 + 20 = -5*q - v*x, -4*q - x - 4 = 0. What is l(q)?
5
Let h(q) = q**2 - 2*q + 0*q**2 + 2 - 2*q**2 + 0*q**2. Determine h(-4).
-6
Let k(x) = -x**3 - 5*x**2 + 5*x + 1. Let v(i) = -i + 5. Let c be v(11). Give k(c).
7
Let f be (4 + -2)/((-2)/2). Let g be (-2 + 4 + f)/2. Let v(z) = -z. What is v(g)?
0
Suppose -5*i + 23 = 3*a, -i + 6 - 1 = a. Suppose -a = v + 1. Let b(l) = -2*l**3 - l - 2. Determine b(v).
16
Let d(q) = q**2 + 2*q - 2. Let y(u) = -5*u + 32. Let w be y(6). What is d(w)?
6
Let g(a) = 3*a + 21. Let i be g(-7). Let m(b) be the second derivative of -7/2*b**2 + 2*b + i + 1/12*b**4 + 1/6*b**3. What is m(0)?
-7
Let z(w) = w**2 - 4*w + 1. Let u be z(-3). Suppose -4*o = u - 2. Let x(k) be the second derivative of -k**4/12 - 5*k**3/6 + 3*k**2 - k. Give x(o).
6
Let d(u) = -u**2 - 6*u + 1. Let t(i) = 2*i + 20. Let o be t(-13). Determine d(o).
1
Let k(l) be the third derivative of 0*l + 0 - 1/24*l**4 - 2/3*l**3 - l**2. Let a = -5 - 0. Give k(a).
1
Let z(k) be the second derivative of -k**4/6 - 5*k**3/6 - 2*k**2 + k. Suppose 2*d + 36 = -2*x, x - 5*x = d + 18. Let b = -21 - d. Give z(b).
-7
Let w(m) = 1 + 1886*m - 1886*m + 16*m**2. What is w(-1)?
17
Suppose 0 = -4*v + 3*w + 4, 4*v - 3 - 9 = w. Let l(b) be the third derivative of -1/60*b**5 + 5/6*b**3 + 6*b**2 + 1/24*b**4 + 0*b + 0. Calculate l(v).
-7
Let a(v) = -2*v + 2. Let s be a(-2). Let t = s + -4. Let i(d) = -3*d - 5*d**t + d**2 + 5*d**2 - 2. Calculate i(3).
-2
Let p(i) be the second derivative of -7*i + 2/3*i**3 - 3/2*i**2 + 0. Give p(2).
5
Let c(q) = 5*q**3 + 8*q**2 + 8*q + 4. Let j(n) = n**3 + 2*n**2 + 2*n + 1. Let h(m) = -2*c(m) + 9*j(m). Calculate h(-1).
2
Suppose -a - 2*o = 6, -4*o = 4*a - 0*a + 4. Let r(p) = p**3 - 5*p**2 + 3*p. Give r(a).
-4
Let o(z) = z**3 - 4*z**2 + 5. Let j be o(4). Let p = -3 + 7. Let s(x) = -2 - 3*x**2 - x**3 + 8*x**2 + p - 4. Calculate s(j).
-2
Let u be 2/6*(4 - -2). Suppose -3*k + 12 = 0, -5*z + u*k - 12 - 11 = 0. Let f = 2 - z. Let y(s) = s**2 - 5*s - 2. Calculate y(f).
-2
Suppose 6*l - 19 = 5. Let a(k) = k**2 + 3. What is a(l)?
19
Let p(o) = -o**3 - 7*o**2 - 2*o - 9. Let d(v) = -3*v**2 + 7*v - 9. Let t be d(2). Give p(t).
5
Suppose -4 = -a, 0 = u + 2*a - a - 6. Suppose -4*v + 4 = -0. Let z(r) = -r - v - 1 + u*r**2 - 1 + r**3. Calculate z(-3).
-9
Let m(l) = 2*l + 3. Let c(q) = 4*q + 6. Let a(w) = -4*c(w) + 9*m(w). Let v be (-1)/(1/2) + 0. Determine a(v).
-1
Let r(q) be the first derivative of q**4/12 + 4*q**2 + 4. Let s(i) be the second derivative of r(i). Give s(-2).
-4
Let a(h) = -h**2 - 8*h - 7. Let q be 4/10 + (-18)/45. Suppose 0 = -4*v + 13 - 1. Suppose -4*b - v*i - 39 = q, 5*b - 3*i + 4*i + 35 = 0. Determine a(b).
5
Let j be -1 - -4 - -1 - 2. Suppose -5 = 5*q + 2*l, j*q - 3 + 5 = -5*l. Let u(b) = -3*b - 1. Determine u(q).
2
Let b = -8 - -4. Let t(i) = i + 1. Let q(n) = -3*n - 8. Let h(o) = q(o) + 4*t(o). Calculate h(b).
-8
Suppose 0*r = r - 4. Let f(h) = -h**2 + 4*h. What is f(r)?
0
Suppose k = -5*d + 11 + 6, -2*k + 3*d = 18. Let y(h) = -h**2 - 4. What is y(k)?
-13
Let k(v) = 5*v**3 - 2*v**2 + 1. Suppose 3*r + 2*j - 29 = 0, -4*j = -5*r - 0 + 63. Suppose -19 = t + 5*g, 4*t + 5*g = -r - 5. What is k(t)?
4
Suppose -3*j + 2*k - 8 = 0, j = -0*k - 2*k + 8. Let t(y) = y + 3. Let d be t(j). Let v(o) = o - 1. Determine v(d).
2
Let g(v) be the second derivative of v**3 + 2*v - 1/12*v**4 - 